 + 3. Let k(z) = -3*z - 1. Let u be k(0). Let b be w(u). Suppose -l + 2*y + y = -62, -5*l = y - b. Is l composite?
False
Is (2 - 1)/(13/30251) a prime number?
False
Let b = -1 + 7. Let d be ((-4)/b)/((-5)/(-30)). Is d - 794*(-2)/4 a prime number?
False
Let q = 2970 + 113. Is q a prime number?
True
Is ((-36)/(-90))/((16/(-172030))/(-4)) a composite number?
False
Let n = 8110 + -2729. Is n prime?
True
Let p(o) = 6*o**2 - 53*o - 274. Is p(-37) prime?
True
Suppose -58 = 2*q - 66. Let j be 7384/28 + (-4)/(-14). Suppose 748 = q*z - j. Is z composite?
True
Let i = -4571 - -9280. Is i prime?
False
Let x(s) = -11303*s + 35. Is x(-1) a composite number?
True
Suppose 249195 = 850*b - 835*b. Is b a composite number?
True
Let s(g) be the first derivative of 11*g**2/2 + 10*g - 1. Suppose 0 = -5*j + 2*b + 31, b + 14 = j - 2*b. Is s(j) a prime number?
False
Let o(t) = -2*t**3 - 8*t**2 + 6*t + 9. Let r be o(-6). Let l be 33371/r + 4/(-18). Suppose -f + 4*i + l = 0, 39 = f + 5*i - 264. Is f a prime number?
True
Let c(y) = -y**3 - 9*y**2 - 8*y + 49. Is c(-9) a composite number?
True
Suppose 2*k + 8 = 4*g - 4, 2*k - 2*g = -10. Let c be (k - -4) + (-141)/(-3). Is c*(3 - 1)/2 prime?
True
Let p(n) = 53*n - 1. Let i(u) = 52*u - 1. Let c(s) = -3*i(s) + 4*p(s). Let m be c(5). Suppose 3*r - m = 258. Is r prime?
True
Let g be (11 + -41)/(6/76). Let a = g + 560. Suppose -3*c + a = -111. Is c prime?
True
Let f(r) = 38545*r**2 + 17*r - 19. Is f(1) composite?
False
Let v = 77 + -75. Suppose -519 = -k + v*x, 5*x = -2*k + k + 526. Is k a prime number?
True
Suppose -2*p = v + 146 - 819, -4*v + 2701 = 5*p. Is v prime?
False
Let u(v) = 22*v**2 - 29*v + 16. Is u(9) prime?
False
Let h be (5*2/5)/((-2)/(-5)). Suppose 1143 = 3*p - 4*n, -n + h*n + 1905 = 5*p. Is p prime?
False
Let k(q) = 2*q**2 + 2*q. Let h be k(-2). Suppose h*m - 131 - 21 = 0. Let p = 59 - m. Is p a composite number?
True
Let b = -21869 - -40132. Is b a prime number?
False
Suppose -299 + 2532 = z - f, f + 11153 = 5*z. Suppose -u - u + z = 0. Is u a prime number?
False
Suppose w + 6 = -2*w. Is 328 - (-1 + w - -2) composite?
True
Let j(f) = 97*f - 2. Suppose 3*i + 4*q - 17 = 0, -2*q + 21 = 3*i + 8. Suppose -i = -4*y + 9. Is j(y) prime?
False
Is (-6)/(-15) + 782504/40 a prime number?
False
Let d(w) = -w**2 - w + 1. Let n(i) = 5*i**2 + 7*i + 11. Let r(h) = 6*d(h) + n(h). Let x be r(0). Let z = x - 4. Is z composite?
False
Suppose -10*s + 31436 - 5386 = 0. Is s a prime number?
False
Is (-1)/(2 + 39594/(-19794)) composite?
False
Let j = -26 + 29. Suppose 2*w + 2844 = j*z - w, 3*z + 4*w = 2879. Is z prime?
True
Let w = -439 + 821. Let z = w + -87. Is z prime?
False
Suppose -3*x + 109 = 2*o - 119, -2*o + 5*x + 244 = 0. Let i be -849*(1 - (-6)/(-3)). Suppose o + i = 6*f. Is f prime?
False
Let o be -5*((-24)/10 + 3). Let y be o + 2 + 2 - -1. Suppose -3*n - 5*p + 3*p = -967, -4*n = y*p - 1286. Is n prime?
False
Suppose -3*r + 5*w + 4073 = 0, -3*r + 2299 = 4*w - 1792. Is ((-2 - -6) + -3)*r a composite number?
False
Let j(a) = a + 19. Let s be j(-15). Suppose 0 = s*c - 4534 - 4798. Is c composite?
False
Let c(f) = -32*f**3 + 5*f**2 - 9*f - 73. Is c(-11) a prime number?
True
Let x = 18610 - 11055. Is x prime?
False
Suppose 0 = -5*b - 4*j + 111857 + 86430, -2*j - 4 = 0. Is b prime?
True
Let r = 538 + -1141. Let p = 2074 + r. Is p a composite number?
False
Suppose 14 = -k - 3*c - 8, 2 = k - 3*c. Is ((-152)/k)/(14/35) a composite number?
True
Let u be (1 + (-2)/2 - 5) + 38. Let s(n) = -n**3 + 2*n - 2. Let h be s(-4). Let w = u + h. Is w prime?
False
Is (82327/4)/7 + (-39)/(-52) a composite number?
True
Let l = -333 + 4002. Is l a composite number?
True
Let k(d) = 2*d - 27. Let q be k(15). Is 2/q*-6 - (-13 - 2194) a prime number?
True
Let k be (1 - -3) + 0 - (5 - 3). Is ((-6684)/(-24))/(k/(-4) + 1) composite?
False
Let m be -2*(-5)/2*1. Let t be -33*(-6)/(-3)*(-94)/4. Suppose m*r - 2*r = t. Is r composite?
True
Let p = -69 + 115. Suppose p = g - 37. Is g a composite number?
False
Suppose -5*h + r + 25 = 5*r, 0 = -2*h - 3*r + 10. Suppose -l + 1239 = v + v, -h*v + 5*l + 3090 = 0. Is v a prime number?
True
Let k = -16382 + 92259. Is k composite?
True
Let a(p) = -2*p + 10. Let f be a(-8). Suppose -c = -285 + f. Is c composite?
True
Let m(o) = 2*o**3 + 13*o**2 - 6*o. Let l be m(10). Let p = -2201 + l. Is 7/14*(-1 + p) a composite number?
True
Suppose 0 = -g - 4*x - 491, g - 3*x + 66 = -418. Let i = -284 - g. Is i prime?
False
Suppose 8918 = -4*n + 6*n. Suppose -n = -4*c - 391. Suppose -5*h + c = -4*w, 0*w + 418 = 2*h + 4*w. Is h a composite number?
True
Let g(m) = 2*m - 7. Let h be g(5). Suppose -w = -3, -3667 = -h*j - 2*w - 34. Let f = j + -656. Is f composite?
True
Let i(t) = 13*t**2 - 4*t - 8. Let f(k) = 14*k**2 - 5*k - 9. Let a(y) = -3*f(y) + 4*i(y). Suppose h - 3*c - 1 = 5*h, -22 = 3*h - 2*c. Is a(h) a composite number?
True
Let i be 858 + (-1 - (4 + -7)). Suppose -5*g = -0*t - 3*t - 1076, -4*g + 2*t + i = 0. Is g prime?
False
Suppose -2*w - 2*w + 4 = 0. Let u be (0/w)/(1 + -3). Suppose -3*a + 15 + 6 = u. Is a composite?
False
Let r(c) = -1424*c - 101. Is r(-8) composite?
True
Let z(l) = -11*l - 9. Let x be z(-2). Suppose -x*v = -18*v + 18185. Is v a composite number?
False
Let i(o) = 666*o + 461. Is i(21) prime?
True
Suppose -22*c + 4*o - 68356 = -26*c, 17089 = c - o. Is c a prime number?
False
Suppose 0 = 5*a - a - 404. Suppose -a + 25 = -4*g. Is g a composite number?
False
Suppose 9 - 1880 = -h. Suppose h - 344 = 3*b. Is b a prime number?
True
Suppose 11*j + 20 = 12*j. Is (2*(-8)/j)/((-2)/355) prime?
False
Let w(p) = p**3 + 5*p**2 + 5*p + 5. Let d be w(-4). Suppose d - 6 = -k. Suppose 4*x + 91 = k*f - 206, -4*f + 222 = 2*x. Is f prime?
False
Let q(t) = -7*t**3 + 1. Let j be q(-1). Suppose -n + j = h, -5*h = 2*n + n - 30. Suppose -m - 4*y + 9 = -0*m, -3*m + h*y = -87. Is m a prime number?
False
Suppose 0 = 4*b - 2*v + 18, 5*v - 14 = 5*b + 6. Is ((-137)/b + 1)*(26 + -21) composite?
True
Let j = -4 - -4. Suppose 4*x - 4 = -j, -5*q + 693 = -2*x. Is q composite?
False
Let p = 1360 + 547. Is p a composite number?
False
Suppose 3*w = 8*w. Suppose 0 = -w*y - 3*y + 1359. Suppose 3*x - 199 = -o + y, 4*o - 199 = -x. Is x prime?
False
Let c(t) = -6*t + 28. Let n be c(4). Suppose 0 = 2*g + n*u - 1678, 4*u - 379 = -g + 464. Is g a composite number?
True
Let q(g) = 38*g**2 - 15*g - 3. Let f be q(-10). Suppose -2*n - 3*o - 934 = -f, 6038 = 4*n + 2*o. Is n a prime number?
True
Let g(m) = -2*m**3 + 14*m**2 + 10. Let r be g(10). Let c be (r/(-4))/((-1)/(-2)). Suppose -8*q = -13*q + c. Is q prime?
True
Suppose -5*w + 2*z - 51 = -11, -w - 8 = -2*z. Is 593/8 + 1/w a composite number?
True
Suppose 0 = -16*w + 29*w - 191087. Is w a composite number?
False
Let k = 2136 + -1565. Is k prime?
True
Let l = 50 - 53. Let d(c) = 155*c**2 + c + 1. Is d(l) a prime number?
False
Let x be -2 - (-12)/(2 + -5). Let u(r) = -133*r - 13. Is u(x) composite?
True
Let s be -3 + 2667/(3 + 0). Suppose -5*f = -1979 - s. Is f a prime number?
False
Let u(v) = -v - 2. Let w = 9 + -16. Let y be u(w). Suppose 0 = y*l + 374 - 2799. Is l prime?
False
Let l(v) = 59*v - 3. Let a(n) = n**3 + 7*n**2 + 10*n + 2. Let q be a(-4). Let i be l(q). Suppose -561 = -4*y + i. Is y composite?
True
Let y be 20 - (0 + 0)/(-2). Suppose 0*t = 4*t - y, -5*n + 5 = t. Is (n - 0 - -3) + 140 a composite number?
True
Let i = -4 + 1. Let t be ((-6)/(-5))/((-14)/35). Is i - (-1)/(t/(-42)) a prime number?
True
Let k = 63 + -113. Let c = -86 - k. Let j = c - -74. Is j a prime number?
False
Let a = 100 - -57. Let h be -1 + (2/(-6))/(2/(-18)). Suppose -5*x + h*q = -4*x - 31, -4*x = 3*q - a. Is x a composite number?
False
Let d(g) = g**2 - 6*g + 6. Suppose 0 = -4*s + 4*b + 76, -3*s - 4*b + 86 = 2*s. Suppose -s = 2*v - 0. Is d(v) a prime number?
False
Let g(y) = -36*y**3 - 4*y**2 + 24*y + 57. Is g(-8) a composite number?
False
Suppose 11*x - 30 = 8*x. Suppose -1796 = -x*a + 6*a. Is a a prime number?
True
Suppose -2*y - 4*k = -8766, -13169 = -13*y + 10*y - k. Is y prime?
True
Suppose -5*d + 5*u + 405 = 0, -3*d - 2*d + 405 = u. Let l = d + -58. Is l prime?
True
Let t(s) = -s**3 + 4*s**2 - s + 2. Let g be t(3). Let i be (-1 - g/4) + 6. Suppose i*z + 83 = 4*z. Is z prime?
True
Let d(n) = n**2 - 2*n. Let s be d(-4). 